z and l.
11
Let b = 125 - 245. Let l = -78 - b. Calculate the highest common factor of 168 and l.
42
Let x = -53 - -56. Let g(t) = 8*t**3 - 4*t**2 - 2*t + 3. Let z be g(x). Suppose -6*v = -75 - z. Calculate the greatest common factor of v and 6.
6
Let g = -1963 - -2458. What is the highest common divisor of g and 198?
99
Let a be -6 - -1 - (-7)/(28/1016). Let h = a - -389. What is the greatest common factor of h and 22?
22
Let n = 1866 + -1859. Let t(a) = 4*a**3 + 3*a**2 - 11*a - 1. Let p be t(4). Calculate the greatest common divisor of p and n.
7
Let z be (360/(-100))/((-4)/10). Suppose -2*q - 63 = -z*q. What is the greatest common factor of 243 and q?
9
Let y = -5 - -11. Let d(x) = 7*x**2 + 2986*x - 8967. Let v be d(3). Calculate the highest common factor of y and v.
6
Suppose -2*a + 6*y = 4*y - 120, -5*a - 4*y + 282 = 0. Let o = 72 - a. What is the greatest common divisor of o and 56?
14
Let b = -8919 + 8976. Calculate the greatest common divisor of b and 589.
19
Let u(g) = 476*g**2 - 214*g - 850. Let z be u(-4). What is the highest common divisor of z and 74?
74
Suppose 0 = -3*z + m + 31, 3*z - 46 = -2*m - 9. Let l be (23727/(-2876))/((-3)/8). What is the highest common divisor of z and l?
11
Suppose -d - 8 = -9. Let c be 5/(20/1248) + d. Suppose 0 = -13*w - c + 885. Calculate the greatest common divisor of 66 and w.
22
Let i(y) = -55*y + 21. Let w be i(-1). Suppose -3*u = -4*c + 88, 5*c + 0*u + 2*u - 87 = 0. Calculate the greatest common divisor of c and w.
19
Suppose 0 = 22*m - 29*m. Let a be m/(-1 + 7) + 41. Suppose 0 = 2*t + 2*t - 656. Calculate the greatest common divisor of t and a.
41
Let g(v) = v**3 + 43*v**2 - 107*v + 66. Let i be g(-44). What is the highest common factor of i and 11?
11
Let v(o) = o**3 + o**2 - o + 20. Let j be v(0). Let d be 5*148/30 - 2/3. Suppose -5*c = -8*c + d. Calculate the greatest common divisor of j and c.
4
Let q be (-3)/(-7) + (-5 - 670/(-70)). Let k be q/(2 - 6/4) + -2. Calculate the greatest common factor of k and 88.
8
Let k(v) = -24*v**2 + 40*v + 299. Let i be k(4). Let q(t) = 44*t + 2. Let o be q(2). What is the highest common divisor of i and o?
15
Suppose -5*l + 3*d + 30417 = -10690, -l = -d - 8225. What is the greatest common divisor of 416 and l?
104
Let h(n) = 4*n - 36. Let q be h(11). Suppose -106 = -5*j + j + r, -4*r = -q. Calculate the highest common factor of j and 3.
3
Let a be -1 + (8 - (0 - -2)). Let r be (-2)/17 + 78048/(-136). Let w = r + 584. What is the highest common factor of a and w?
5
Suppose a - 3*v = 162, -83 - 86 = -a - 4*v. Let i(r) = 56*r - 12. Let w be i(-6). Let o = 381 + w. What is the highest common factor of a and o?
33
Let w(p) = 39*p**2 + p - 2. Let k be w(1). Suppose 6*r + 0*r - 114 = 0. Let m be (-6 - -2)*r/(-2). Calculate the greatest common divisor of m and k.
38
Let n be (-24)/54 + (-8848)/(-63). Let v be ((-36)/8*4)/((-21)/n). Calculate the highest common factor of 96 and v.
24
Suppose 2*m + 3*c = 9, 6*m - c + 33 = 10*m. Suppose 39*h = m*h + 1800. What is the highest common factor of h and 24?
12
Let q = -219 + 233. Let j = 7 + -4. Let h be 28/j*54/18. What is the highest common divisor of q and h?
14
Suppose -5393*o = -5402*o + 4464. Calculate the greatest common divisor of 868 and o.
124
Suppose i + 18*i - 57 = 0. Suppose q + 8*v - 276 = 3*v, 4*q + i*v = 1104. Calculate the greatest common divisor of q and 230.
46
Let y(z) = z**3 - 3*z**2 + 20*z + 63. Let c be y(-2). What is the highest common factor of 1137 and c?
3
Let b(l) = 114*l - 56. Let p be b(3). Suppose 0 = 4*m, -2*y - 7*m + p = -8*m. What is the greatest common divisor of y and 11?
11
Suppose -o = -3*h + 12, 14 - 26 = o - 5*h. Let v(q) = -74*q**3 + 2*q + 1. Let l be v(-1). Let b = l - o. What is the greatest common divisor of 17 and b?
17
Let z(x) = -x**2 + 13*x + 3. Let t be z(11). Let p be ((-48)/(-10))/(t/625). Calculate the highest common divisor of p and 50.
10
Let u = 6 + 1533. What is the greatest common divisor of u and 228?
57
Let l be (-3)/7 + 197856/1603 + 12/(-1). Calculate the highest common divisor of 417 and l.
3
Let x be ((2 - 2) + -13)*-1. Let l(i) = -i - 1. Let u(o) = -31. Let q(n) = -l(n) - u(n). Let s be q(20). What is the greatest common factor of s and x?
13
Let i(h) = 8*h**3 - 95*h**2 + 4*h - 92. Let r be i(12). What is the highest common divisor of 860 and r?
20
Let b = 601 - 389. What is the greatest common divisor of b and 68?
4
Let i(y) = -68*y + 6. Let w be i(-6). Let v = 329899 - 329881. Calculate the greatest common divisor of v and w.
18
Let i(m) = 3*m**2 - 22*m - 17. Let a be i(8). Let s be (3 - a)*(-322)/(-8). What is the greatest common divisor of s and 7?
7
Let f be -37*-25*3/15. Calculate the greatest common factor of f and 55.
5
Let x(p) = -2*p + 93. Let d be x(13). Let u = -47 + d. Calculate the greatest common divisor of u and 20.
20
Let o(j) be the first derivative of j**3/3 + 4*j**2 - 38*j + 3. Let a be o(-12). Suppose 340 = -2*r + 4*r. Calculate the greatest common divisor of a and r.
10
Let d(h) be the first derivative of 3*h**2/2 + 28*h + 10. Let r be d(-8). Suppose r*p - 296 = -4*p. Calculate the highest common factor of p and 185.
37
Let c be ((-3)/(-4))/((-3 - 5)/(-2080)). Suppose v + 4*b = 14 + 10, 5*v = -5*b + c. What is the highest common factor of v and 4?
4
Let h(s) = s**3 + 13*s**2 + 24*s - 15. Let c be h(-3). What is the highest common factor of 128 and c?
1
Suppose b - 1 = -3*x, 3*b - x = -b + 69. Suppose b*r - 424 = 568. What is the greatest common divisor of r and 279?
31
Let g be (-9000)/(-63)*4/(64/56). Calculate the greatest common divisor of g and 820.
20
Suppose 1006 = -26*r - 11*r + 12661. Calculate the greatest common factor of r and 1015.
35
Let r = 594 - 550. Let w = 7 + -3. Suppose x + w*h = 7, -2*x + 9 + 11 = 2*h. Calculate the greatest common factor of r and x.
11
Suppose -5*g - i = -1605, g - 125 - 180 = 3*i. What is the greatest common divisor of 576 and g?
64
Suppose 2*q = 4*q - 16. Suppose 13*t = q*t + 80. Suppose -4*s + 187 = 5*h, 0 = s - 4*s - 5*h + 139. What is the highest common divisor of t and s?
16
Let f(s) = s**3 + 3*s**2 - 3*s. Let k be f(-3). Let t be (12/(-8))/((-3)/20). Let o be (-1)/(5/t*-2). Calculate the highest common factor of o and k.
1
Let j(s) = 5*s - 10. Let m be j(4). Suppose -53 = m*f - 403. Calculate the greatest common factor of 7 and f.
7
Suppose 70 = 5*g - 90. Let z(q) = -280*q - 40. Let x be z(-1). What is the greatest common divisor of g and x?
16
Suppose 0 = 2*x - 263 + 29. Suppose 2*d + 3*n - 146 = 0, -2*d + 347 = 42*n - 345. What is the highest common factor of d and x?
13
Suppose 10*a + 3306 = 34*a - 4758. Calculate the highest common divisor of a and 96.
48
Suppose 0 = 9*v + 11*v - 8*v - 57204. What is the greatest common factor of v and 21?
21
Let m(f) = 9*f**3 - 45*f**2 - 22*f - 99. Let j be m(10). Calculate the highest common factor of j and 74.
37
Let y = 46 - 64. Let u be y/(-24) + (-49)/(-4). Suppose -g = 3*z + u - 41, -15 = 3*g. Calculate the greatest common divisor of z and 11.
11
Suppose -12*r - 4264 = -25*r. Let q = r + -130. What is the highest common factor of 18 and q?
18
Suppose 3*a + 54 = -2*h + 95, -5*h + a = -111. Let m(g) = -5*g**3 - g**2 + g + 1. Let k be m(-1). What is the highest common factor of h and k?
2
Let i be 396/14 - 8/28. Let n be 14/(-4)*663/(-273)*56. Calculate the greatest common divisor of n and i.
28
Let y be (468/33 - -1) + 10/(-55). Let k = 40 - 20. What is the greatest common factor of y and k?
5
Let l be 3201 - (129 + 15)/(-16). What is the highest common factor of 300 and l?
30
Let f(u) = -11*u**2 + 28*u - 33. Let j(l) = 4*l**2 - 9*l + 11. Let m(c) = -3*f(c) - 8*j(c). Let d be m(13). What is the highest common factor of d and 120?
24
Let r(h) = h**2 - 4*h. Let k be r(5). Let q = 110 + -110. Suppose -27*i + 972 + 108 = q. Calculate the greatest common divisor of i and k.
5
Let r = -25 + 34. Let h be r/3 - (-22 + -4). What is the highest common divisor of 261 and h?
29
Suppose -59*z + 67*z = 160. Suppose 0 = -5*d + z, 60 = 6*y - 2*y + 4*d. Calculate the greatest common divisor of 77 and y.
11
Suppose -2661 = -4*d - x, -568*d + 566*d + 1347 = -5*x. Calculate the highest common divisor of 888 and d.
222
Suppose -22*a = -377 - 283. Suppose 3*c = a*i - 2